the thousands digit of 6851?
6
What is the thousands digit of 4112?
4
What is the hundreds digit of 12989?
9
What is the ten thousands digit of 76427?
7
What is the tens digit of 3290?
9
What is the units digit of 4551?
1
What is the ten thousands digit of 18306?
1
What is the thousands digit of 6917?
6
What is the units digit of 369?
9
What is the hundreds digit of 4558?
5
What is the tens digit of 18098?
9
What is the units digit of 1462?
2
What is the tens digit of 2223?
2
What is the hundreds digit of 5852?
8
What is the thousands digit of 12167?
2
What is the ten thousands digit of 12955?
1
What is the ten thousands digit of 13002?
1
What is the tens digit of 7971?
7
What is the tens digit of 68?
6
What is the tens digit of 1705?
0
What is the hundreds digit of 17999?
9
What is the ten thousands digit of 42547?
4
What is the tens digit of 1658?
5
What is the hundreds digit of 2209?
2
What is the thousands digit of 1455?
1
What is the tens digit of 8493?
9
What is the hundreds digit of 5123?
1
What is the tens digit of 420?
2
What is the units digit of 35323?
3
What is the tens digit of 48305?
0
What is the tens digit of 3402?
0
What is the tens digit of 1303?
0
What is the hundreds digit of 3775?
7
What is the units digit of 4211?
1
What is the thousands digit of 9238?
9
What is the units digit of 2461?
1
What is the units digit of 812?
2
What is the units digit of 11230?
0
What is the units digit of 36443?
3
What is the units digit of 7320?
0
What is the units digit of 1046?
6
What is the units digit of 3608?
8
What is the tens digit of 162837?
3
What is the units digit of 799?
9
What is the tens digit of 5153?
5
What is the hundreds digit of 565?
5
What is the tens digit of 506?
0
What is the thousands digit of 1348?
1
What is the tens digit of 13593?
9
What is the thousands digit of 2238?
2
What is the hundreds digit of 110887?
8
What is the ten thousands digit of 26987?
2
What is the tens digit of 136?
3
What is the hundreds digit of 68331?
3
What is the units digit of 530?
0
What is the hundreds digit of 61312?
3
What is the units digit of 809?
9
What is the units digit of 3428?
8
What is the hundreds digit of 66149?
1
What is the hundreds digit of 827?
8
What is the ten thousands digit of 15094?
1
What is the units digit of 56365?
5
What is the tens digit of 109?
0
What is the tens digit of 954?
5
What is the thousands digit of 1026?
1
What is the tens digit of 217?
1
What is the units digit of 1135?
5
What is the thousands digit of 16521?
6
What is the hundreds digit of 479?
4
What is the hundreds digit of 13818?
8
What is the units digit of 443?
3
What is the tens digit of 280?
8
What is the hundreds digit of 713?
7
What is the thousands digit of 10111?
0
What is the hundreds digit of 1811?
8
What is the hundreds digit of 20327?
3
What is the units digit of 5495?
5
What is the units digit of 3632?
2
What is the tens digit of 78592?
9
What is the hundreds digit of 9244?
2
What is the tens digit of 1768?
6
What is the hundreds digit of 1364?
3
What is the thousands digit of 34266?
4
What is the units digit of 858?
8
What is the tens digit of 977?
7
What is the units digit of 712?
2
What is the tens digit of 5676?
7
What is the tens digit of 4826?
2
What is the hundreds digit of 1215?
2
What is the hundreds digit of 305?
3
What is the hundreds digit of 713?
7
What is the hundreds digit of 4386?
3
What is the hundreds digit of 239?
2
What is the tens digit of 769?
6
What is the units digit of 29864?
4
What is the tens digit of 7625?
2
What is the tens digit of 8815?
1
What is the units digit of 2375?
5
What is the units digit of 5375?
5
What is the hundreds digit of 9513?
5
What is the units digit of 639?
9
What is the hundreds digit of 18645?
6
What is the thousands digit of 2989?
2
What is the hundreds digit of 2303?
3
What is the units digit of 14156?
6
What is the tens digit of 14398?
9
What is the ten thousands digit of 27040?
2
What is the units digit of 8945?
5
What is the thousands digit of 26404?
6
What is the units digit of 72984?
4
What is the hundreds digit of 7251?
2
What is the thousands digit of 2123?
2
What is the units digit of 5883?
3
What is the ten thousands digit of 161574?
6
What is the hundreds digit of 18920?
9
What is the units digit of 37?
7
What is the thousands digit of 1004?
1
What is the tens digit of 5231?
3
What is the tens digit of 6749?
4
What is the thousands digit of 4984?
4
What is the hundreds digit of 48378?
3
What is the hundreds digit of 5347?
3
What is the hundreds digit of 1005?
0
What is the tens digit of 737?
3
What is the hundreds digit of 6194?
1
What is the units digit of 1344?
4
What is the thousands digit of 29070?
9
What is the thousands digit of 4090?
4
What is the tens digit of 55146?
4
What is the ten thousands digit of 150352?
5
What is the units digit of 758?
8
What is the hundreds digit of 8068?
0
What is the hundreds digit of 16375?
3
What is the units digit of 6434?
4
What is the units digit of 289?
9
What is the units digit of 10013?
3
What is the thousands digit of 2511?
2
What is the tens digit of 15216?
1
What is the units digit of 635?
5
What is the units digit of 262?
2
What is the ten thousands digit of 10177?
1
What is the ten thousands digit of 21126?
2
What is the hundreds digit of 32262?
2
What is the tens digit of 79926?
2
What is the hundreds digit of 1215?
2
What is the units digit of 413?
3
What is the hundreds digit of 2301?
3
What is the tens digit of 11809?
0
What is the hundreds digit of 891?
8
What is the tens digit of 496?
9
What is the units digit of 74194?
4
What is the thousands digit of 6103?
6
What is the units digit of 77304?
4
What is the hundreds digit of 25145?
1
What is the thousands digit of 9510?
9
What is the thousands digit of 2210?
2
What is the units digit of 1555?
5
What is the hundreds digit of 43208?
2
What is the tens digit of 1492?
9
What is the thousands digit of 8445?
8
What is the hundreds digit of 6528?
5
What is the units digit of 64039?
9
What is the tens digit of 2425?
2
What is the thousands digit of 15016?
5
What is the hundreds digit of 1030?
0
What is the hundreds digit of 164219?
2
What is the hundreds digit of 686?
6
What is the hundreds digit of 392?
3
What is the thousands digit of 141085?
1
What is the tens digit of 2191?
9
What is the tens digit of 1700?
0
What is the tens digit of 72140?
4
What is the units digit of 28813?
3
What is the tens digit of 1311?
1
What is the ten thousands digit of 28034?
2
What is the tens digit of 23370?
7
What is the tens digit of 619?
1
What is the hundreds digit of 4208?
2
What is the units digit of 3838?
8
What is the units digit of 294?
4
What is the units digit of 4284?
4
What is the tens digit of 540?
4
What is the tens digit of 20735?
3
What is the tens digit of 11248?
4
What is the thousands digit of 9615?
9
What is the tens digit of 2449?
4
What is the thousands digit of 8431?
8
What is the thousands digit of 1699?
1
What is the hundreds digit of 528?
5
What is the units digit of 77287?
7
What is the units digit of 3461?
1
What is the ten thousands digit of 36902?
3
What is the hundreds digit of 17351?
3
What is the units digit of 1600?
0
What is the units digit of 38566?
6
What is the units digit of 25495?
5
What is the units digit of 272?
2
What is the thousands digit of 42455?
2
What is the tens digit of 2665?
6
What is the hundreds digit of 23302?
3
What is the tens digit of 580?
8
What is the hundreds digit of 40472?
4
What is the tens digit of 1747?
4
What is the thousands digit of 12252?
2
What is the tens digit of 2316?
1
What is the tens digit of 158?
5
What is the hundreds digit of 123023?
0
What is the units digit of 5857?
7
What is the thousands digit of 10284?
0
What is the hundreds digit of 33707?
7
What is the thousands digit of 14969?
4
What is the units digit of 4357?
7
What is the hundreds digit of 1390?
3
What is the hundreds digit of 87233?
2
What is the ten thousands digit of 76754?
7
What is the tens digit of 841?
4
What is the tens digit of 23?
2
What is the thousands digit of 77035?
7
What is the hundreds digit of 5468?
4
What is the thousands digit of 1060?
1
What is the hundreds digit of 82820?
8
What is the tens digit of 3803?
0
What is the hundre